he remainder when (0*c/(-3) - 1)*-83 is divided by 22?
17
Suppose -s - 11 = -2*s. Suppose 101*c - 2661 - 5061 = -46. What is the remainder when c is divided by s?
10
Let v be (3/(-2) + 1)*28296/(-108). Let j = v - 127. Suppose h - 3*d = 56, j*h + 2*d - 216 = 6*d. What is the remainder when h is divided by 22?
9
Let t(g) = -3*g**2 - 196*g + 147. Let v = -291 - -498. Calculate the remainder when v is divided by t(-66).
12
Suppose -2*j - 128 = -4*z, -4*j + 52 = 2*z + 8. What is the remainder when 24 is divided by (30/4)/(3*5/z)?
9
Let v be 79*(-3)/(-2)*-2. Let m be ((-5)/5)/(3/v). Let l = -50 + m. What is the remainder when l is divided by 8?
5
Let n = -2776 + 2857. Calculate the remainder when 99 is divided by n.
18
Let t be (0 - (-36)/(-15)) + 16/40. Calculate the remainder when 9 is divided by 3/(-1 + -2)*t.
1
Let m = -146 + 255. Suppose 0 = 5*w + 99 - m. What is the remainder when 7 is divided by w?
1
Suppose 0 = 4*o - 5*l - 85, 2447*o - 186 = 2442*o - l. Suppose 2*f + 5*p = 4 + 22, 0 = -4*f + p + 52. What is the remainder when o is divided by f?
9
Let y = 0 + 4. Suppose -3*m + y*a - 140 = -6*m, 0 = -4*a + 20. Suppose -3*l = l - m. Calculate the remainder when l is divided by 2.
0
Let s(x) = 12*x - 2. Let i be s(-1). Let n = i - -35. What is the remainder when n is divided by -5 - 6/(-1) - -12?
8
Let t be 1 + -1 - 0 - 3. Calculate the remainder when 3*(t - 36/(-4)) is divided by 5.
3
Let y(o) = -2*o**2 - o - 486. Let m be y(0). Let x = 532 + m. What is the remainder when x is divided by (1 + 1)/(4/26)?
7
Let n(v) = v**3 + 13*v**2 - 41*v - 37. What is the remainder when n(-12) is divided by 42?
11
Let g = -9572 - -11874. Calculate the remainder when g is divided by 32.
30
Suppose 180*w - 205*w + 1250 = 0. Let x(c) = c**3 + 13*c**2 + 13*c - 2. Calculate the remainder when x(-11) is divided by w.
47
Suppose 31*p + 121 = -3. What is the remainder when 436 is divided by (p - 3) + (3 - 0) - -27?
22
Let v(a) be the second derivative of a**4/12 - 5*a**3/6 + 12*a**2 - 16*a. Let n be v(10). Let z = 85 - n. Calculate the remainder when 98 is divided by z.
10
Let d(y) = y**3 - 2*y + 21. Let c be d(-3). What is the remainder when 15 is divided by 20 - 19 - (c - 2)?
0
Let b = -42 + 44. Suppose -4*p + b*p = 8. What is the remainder when (6/p)/(36/(-312)) is divided by 7?
6
Let b be (-12)/(-54) - 5/(135/1356). Let o = -40 - b. What is the remainder when 26 is divided by o?
6
Let w = -4 + 6. Suppose -w*d + 66 = 6. What is the remainder when 13*6/(-52)*-38 is divided by d?
27
Suppose -14*a - 454 + 1280 = 0. Suppose 2*l + a - 185 = 0. What is the remainder when l is divided by 68/2 + (-1)/1?
30
Let l(u) = 47*u + 767. What is the remainder when l(-12) is divided by 29?
0
Let d(b) = 9*b + 486. Calculate the remainder when 518 is divided by d(-52).
14
What is the remainder when 173 is divided by (-3 - 4)/((33/30)/(-11))?
33
Suppose 533 + 407 = 47*d. Let y = -2 - -74. What is the remainder when y is divided by d?
12
Let i(w) = 101*w + 1132. Calculate the remainder when 388 is divided by i(-11).
10
Suppose 3*y - 2*q - 666 = 2*q, 0 = 4*y + 4*q - 916. Let t = -119 + y. Let j = -64 + t. Calculate the remainder when 83 is divided by j.
40
Let k = 131 + -77. Let j = k + -22. Let i = -24 + 33. What is the remainder when j is divided by i?
5
Suppose -6*r + 3 = -129. Suppose 2*y - 199 = -v, -r*v - 3*y - 741 = -26*v. What is the remainder when v is divided by 65?
59
Let j = 3529 - 3521. What is the remainder when 91 is divided by j?
3
Let v(r) = -74*r - 846. Calculate the remainder when v(-36) is divided by 28.
26
Let w(t) = -2*t**2 - 9*t - 52. Let k(v) = -5*v**2 - 17*v - 106. Let u(h) = 3*k(h) - 7*w(h). Calculate the remainder when u(10) is divided by 24.
18
Let j = -1308 + 1473. What is the remainder when j is divided by 60?
45
Suppose -5*f + 7*f - 8 = 0. Let o(n) = n**3 + 11*n**2 + 56*n + 480. What is the remainder when o(-10) is divided by f?
0
Let t = 1795 - 2140. Let s = 370 + t. Let j = 51 - 7. What is the remainder when j is divided by s?
19
What is the remainder when 4369 is divided by -9 + (-620)/(-70) - (-72)/14?
4
Let k(b) = -3*b**3 - 4*b**2 - 8*b - 4. Let m(r) = 9*r + 43. Let a be m(-5). Calculate the remainder when 47 is divided by k(a).
7
Suppose -437 = -5*a - 4*u, -3*a - 2*u = u - 261. Let h = -38 + a. Suppose -2*p = -49*p + 611. Calculate the remainder when h is divided by p.
12
Suppose 3*n - 129 = d + 99, 3*n = 5*d + 216. Suppose 9*f = 4*f. Suppose -w + f*w = -20. Calculate the remainder when n is divided by w.
17
Let g(o) = o**3 + 29*o**2 + 36*o - 466. What is the remainder when 2693 is divided by g(-27)?
13
Let d = -224 + 228. Suppose 327 = d*n + h, -3*n + h + 7 = -233. Let u = 30 - 2. Calculate the remainder when n is divided by u.
25
Suppose 0 = 332*g - 170403 + 27975. Let s(a) = -10*a - 2. Calculate the remainder when g is divided by s(-5).
45
Let j be 3 + 5 + 3 - -2. Suppose 6*h + 17 + j = 0. What is the remainder when 43 is divided by -5 + 15 + (-10)/h?
7
Let h be (-4)/((-40)/99 - 6/(-27)). Suppose -2*r - h = 10. Calculate the remainder when 68 is divided by r/120 - 182/(-15).
8
Suppose 3*t - 175 = g, -4*t + 3*g - 8*g + 265 = 0. Let i = t - 48. What is the remainder when 93 is divided by 16 + (-9)/(27/i)?
9
Calculate the remainder when (-24670)/(-8) - (-4 - (-11 - (-116)/16)) is divided by 63.
60
Suppose -6 = -2*u + 2*g, 2*u = -u - g + 17. Let i(n) = -n**3 + 10*n**2 + 12*n + 11. Let o = 5 + 6. Calculate the remainder when i(o) is divided by u.
2
Let j(s) = -s**3 - 6*s**2 - 2*s - 6. Let g = -55 - -51. Let t be j(g). Let a = -16 - t. Calculate the remainder when 54 is divided by a.
12
Let g(n) = 6*n**2 + 230*n + 896. What is the remainder when 212 is divided by g(-4)?
68
Suppose 0 = 3*q + 3*z - 177, 9*q = 7*q + 2*z + 114. Suppose 0 = -5*h + 3*w + 355, 5*h = -53*w + q*w + 355. What is the remainder when 213 is divided by h?
0
Let t = 7856 - 7938. Suppose 3*f + 192 = f. Let a = t - f. What is the remainder when 110 is divided by a?
12
Suppose -2*m + 5*c = -3*m + 47, -63 = -m - c. Suppose k - v - m = -8, v = -k + 67. What is the remainder when k is divided by 11?
8
Let j(o) = 15*o**2 - 3*o - 3. Let d(x) be the first derivative of -4*x**2 + 6*x - 9. Let u be d(1). What is the remainder when j(u) is divided by 33?
30
Let x = 284 - 287. What is the remainder when 1366 is divided by -8 + -3 + (-90)/x?
17
Suppose 45*t + 2887 = 9097. Suppose 0 = -l - 3*l + 96. What is the remainder when t is divided by l?
18
Suppose 0 = -7*b - 270 + 2384. Suppose 7*k - 2*k - b = -4*h, 4*k - 8 = 0. Calculate the remainder when 141 is divided by h.
68
Let q = -126 - -170. Calculate the remainder when 43 is divided by 5*(q/5)/2.
21
Let v(q) = q + 9. Let r(k) = 2*k + 17. Let t(o) = 4*r(o) - 7*v(o). What is the remainder when t(9) is divided by (-66)/(-15) + 3/5 + -1?
2
What is the remainder when 858 is divided by (((-256)/(-12))/16)/(-2)*-99?
0
Let k(j) be the third derivative of j**6/60 + j**5/15 - j**4/6 - j**3/3 - 46*j**2. What is the remainder when 42 is divided by k(2)?
20
Let g be (-132)/(-22) - 2/2. Let n(a) = 20*a**2 - 16*a - 6. Calculate the remainder when n(g) is divided by 70.
64
Let y(j) = 29*j - 1233. What is the remainder when y(46) is divided by 9?
2
Calculate the remainder when -8738*(-19 + 296/16) is divided by 25.
19
Let k be -22 - (1 - (-2 + 2)) - -5. Let i(z) = z**3 + 17*z**2 - 27*z - 38. Calculate the remainder when i(k) is divided by 26.
20
Let s = -15874 + 16124. Calculate the remainder when s is divided by 6.
4
What is the remainder when 13/(-2)*(0 - 1)*18 is divided by ((-468)/(-195))/(2/50)?
57
Let m(l) = -191*l - 7218. Suppose 2*f = 4*f - 558. Calculate the remainder when f is divided by m(-38).
39
Let m(k) = k + 16*k - 90 - 29 + 3*k - 45. What is the remainder when 62 is divided by m(9)?
14
Let u = 17 - 26. Suppose -5*p - x - 192 = -57, -4*p - 137 = -5*x. Let q = u - p. What is the remainder when q is divided by 13?
6
Suppose 0 = -5*j + 3*w + w + 23, w + 2 = 0. Let c(g) = -1. Let z(n) = 4*n - 4. Let s(y) = 4*c(y) + z(y). Calculate the remainder when 14 is divided by s(j).
2
Let c = 122 - -171. Let r = 417 - c. What is the remainder when r is divided by 63?
61
Suppose 875 = 5*i + 4*d, 45 + 517 = 3*i - 5*d. Let h = 14622 + -14608. Calculate the remain